905?
False
Does 706 divide 32483060?
True
Does 23 divide 2313546011?
True
Does 152 divide 1279718511?
False
Is 22872300 a multiple of 50?
True
Is 839 a factor of 20593183?
False
Is 2904383 a multiple of 18?
False
Does 85 divide 2501497725?
True
Is 17 a factor of 635282707?
True
Is 121700909 a multiple of 323?
True
Does 39 divide 9769539?
True
Does 8 divide 14399801?
False
Does 99 divide 579859533?
True
Is 546139021 a multiple of 375?
False
Is 32 a factor of 165427008?
True
Is 1650 a factor of 14500920?
False
Is 4614 a factor of 1716001968?
True
Is 14512162 a multiple of 178?
True
Is 272795628 a multiple of 3?
True
Does 112 divide 995640016?
True
Is 216 a factor of 38589480?
True
Is 9160 a factor of 2625640720?
True
Is 313 a factor of 120157820?
False
Does 215 divide 150004923?
False
Is 13 a factor of 29860012?
True
Does 2793 divide 6230780808?
True
Is 137323560 a multiple of 10?
True
Is 173062134 a multiple of 1633?
False
Is 30961173 even?
False
Is 56088214 a multiple of 299?
True
Is 106582875 a multiple of 375?
True
Is 15172751 a multiple of 18?
False
Does 70 divide 62382768?
False
Does 1363 divide 481072085?
False
Does 41 divide 606571207?
False
Is 32059541 a multiple of 1835?
False
Does 8 divide 7009081?
False
Is 95181830 a multiple of 190?
True
Is 2442 a factor of 148154716?
False
Does 19 divide 459202754?
True
Is 16 a factor of 261269504?
True
Is 76425726 a multiple of 11?
False
Does 627 divide 25676901?
False
Does 289 divide 135134088?
True
Does 74 divide 22717059?
False
Is 71646780 a multiple of 890?
True
Is 349 a factor of 152202739?
True
Does 284 divide 1188729428?
True
Is 3080 a factor of 206304560?
True
Does 2237 divide 741881851?
False
Does 46 divide 232041440?
False
Does 81 divide 763756?
False
Does 111 divide 16015413?
True
Is 38536710 a multiple of 94?
True
Is 265872348 a multiple of 1407?
True
Is 11723790 a multiple of 15?
True
Is 189485958 a multiple of 6?
True
Is 8 a factor of 490727408?
True
Is 15646885 a multiple of 23?
False
Does 65 divide 76002030?
True
Is 6845076 a multiple of 28?
True
Does 261 divide 3218534?
False
Is 125 a factor of 14459000?
True
Is 35341026 a multiple of 443?
False
Does 5 divide 362164728?
False
Is 161298744 a multiple of 1893?
True
Is 67 a factor of 4396382?
False
Does 750 divide 57777637?
False
Is 726713484 a multiple of 51?
True
Is 136038879 a multiple of 3249?
True
Is 13 a factor of 12980460?
False
Does 2273 divide 115364625?
False
Is 819 a factor of 887621553?
True
Is 189538374 a multiple of 95?
False
Does 607 divide 47063138?
True
Is 157208498 a multiple of 245?
False
Does 197 divide 609201156?
False
Does 294 divide 6133655?
False
Does 352 divide 37726471?
False
Is 138 a factor of 3574890?
True
Is 246352464 a multiple of 3?
True
Is 4 a factor of 210603844?
True
Does 273 divide 11639082?
True
Does 52 divide 42381007?
False
Is 34 a factor of 148607670?
False
Does 15 divide 83750822?
False
Is 2348035438 a multiple of 562?
True
Is 13 a factor of 968221488?
True
Is 38 a factor of 118097540?
True
Is 2332797116 a multiple of 26?
True
Does 13 divide 173155333?
True
Does 337 divide 19705738?
True
Is 27434005 a multiple of 3958?
False
Is 163942390 a multiple of 5800?
False
Is 219211677 a multiple of 81?
True
Does 600 divide 4096200?
True
Does 4954 divide 400174212?
True
Does 2927 divide 59745924?
True
Does 4 divide 14724641?
False
Does 12 divide 74482455?
False
Does 130 divide 751790586?
False
Is 321604008 a multiple of 264?
True
Is 2810 a factor of 19721656?
False
Is 12 a factor of 3833904?
True
Is 309725130 a multiple of 3139?
True
Is 483 a factor of 2031029007?
True
Does 388 divide 113332084?
True
Does 45 divide 13562323?
False
Is 77 a factor of 45736174?
False
Is 485333997 a multiple of 10?
False
Does 37 divide 9122350?
True
Is 5 a factor of 27475382?
False
Is 355 a factor of 138560400?
False
Does 395 divide 129357365?
True
Is 60520054 a multiple of 5?
False
Is 31 a factor of 3005050685?
False
Is 19 a factor of 232745763?
True
Does 24 divide 1958544552?
True
Does 37 divide 2977774?
False
Does 158 divide 1969954744?
True
Is 40 a factor of 550283520?
True
Is 6 a factor of 332399611?
False
Does 317 divide 150798485?
True
Does 8507 divide 1074995562?
True
Is 441706442 a multiple of 4370?
False
Is 17427716 a multiple of 31?
False
Does 40 divide 516332554?
False
Is 803 a factor of 1820979162?
False
Does 108 divide 9454003?
False
Is 7695108 a multiple of 36?
True
Does 362 divide 12622245?
False
Does 45 divide 845216759?
False
Is 704803099 a multiple of 1587?
False
Does 36 divide 689104638?
False
Is 1409461573 a multiple of 213?
False
Does 95 divide 4277442397?
False
Is 2775243599 a multiple of 2381?
True
Is 4289531 a multiple of 138?
False
Does 568 divide 53528888?
True
Is 33745042 a multiple of 5?
False
Does 76 divide 3481482654?
False
Is 74 a factor of 13020266?
False
Is 31 a factor of 28502926?
False
Is 1143783714 a multiple of 489?
True
Does 13 divide 1403635831?
True
Is 2208 a factor of 48344445?
False
Is 465 a factor of 26039536?
False
Is 887 a factor of 6020026?
False
Is 77676452 a multiple of 14?
True
Is 125 a factor of 1443813375?
True
Is 79 a factor of 761806744?
False
Is 155 a factor of 40968360?
True
Does 89 divide 416625020?
True
Is 208229283 a multiple of 47?
False
Is 16 a factor of 861608177?
False
Does 481 divide 1801785596?
True
Does 11 divide 67397633?
False
Is 1189 a factor of 4518484?
False
Is 16770468 a multiple of 429?
True
Does 7 divide 47956232?
False
Is 12717111 a multiple of 45?
False
Is 159982477 a multiple of 4228?
False
Does 295 divide 226901315?
True
Does 224 divide 1485023680?
True
Is 1172893420 a multiple of 5?
True
Is 893307000 a multiple of 9550?
True
Is 508334007 a multiple of 1291?
False
Is 99 a factor of 2507177?
False
Is 33 a factor of 1096692801?
False
Is 101892195 a multiple of 1878?
False
Is 14 a factor of 11468?
False
Is 721 a factor of 26305685?
True
Does 5591 divide 184452681?
True
Does 71 divide 4942736?
True
Does 6 divide 153305604?
True
Is 1044 a factor of 80021556?
True
Does 9 divide 37917846?
True
Does 11 divide 271884487?
False
Is 446432976 a multiple of 4035?
False
Is 1637 a factor of 1417371614?
False
Does 458 divide 2448758372?
True
Is 411593309 a multiple of 7940?
False
Is 677003426 a multiple of 11?
True
Does 379 divide 34734213?
True
Does 48 divide 29570027?
False
Is 36290546 a multiple of 1343?
True
Does 3864 divide 86692704?
True
Does 17 divide 16823302?
True
Is 158 a factor of 191033534?
True
Is 1081258200 a multiple of 545?
True
Is 53177288 a multiple of 148?
True
Is 293811329 a multiple of 7?
True
Is 1636589312 a multiple of 2743?
False
Is 3393 a factor of 1791470070?
True
Does 7 divide 45514020?
False
Is 106071357 a multiple of 2581?
True
Does 872 divide 28219664?
True
Is 1826985 a multiple of 556?
False
Does 2 divide 7528326?
True
Is 3 a factor of 1209123?
True
Is 469148288 a multiple of 64?
True
Is 7035271 a multiple of 414?
False
Is 4690738260 a multiple of 180?
True
Is 19990800 a multiple of 40?
True
Is 96753750 a multiple of 125?
True
Does 99 divide 281611185?
False
Does 22 divide 742998455?
False
Does 460 divide 90003025?
False
Is 16413385 a multiple of 185?
True
Is 1249 a factor of 769167923?
True
Does 41 divide 185232355?
False
Is 13 a factor of 664604348?
False
Does 1365 divide 254228520?
True
Is 204 a factor of 31994527?
False
Is 166 a factor of 210225616?
False
Does 11 divide 205604036?
True
Does 62 divide 1116310?
True
Does 9 divide 577970262?
True
Is 80403246 a multiple of 378?
True
Is 1358 a factor of 76825296?
False
Is 53 a factor of 259337427?
True
Is 5148 a factor of 244910952?
True
Is 5 a factor of 288235350?
True
Is 31 a factor of 87628052?
False
Is 1909716631 a multiple of 1566?
False
Is 2147 a factor of 259542242?
True
Is 805591376 a multiple of 6256?
True
Does 733 divide 125563307?
False
Does 121 divide 1410880449?
True
Is 10 a factor of 638877700?
True
Is 23 a factor of 123949461?
True
Is 442572290 a multiple of 49?
False
Does 32 divide 107424873?
False
Is 1127 a factor of 26980333?
False
Is 3387205731 a multiple of 651?
True
Is 194586767 a multiple of 173?
True
Is 1976297056 a multiple of 9122?
False
Is 18012792 a multiple of 408?
True
Is 1003469289 a multiple of 4427?
False
Is 70 a factor of 387072314?
False
Does 262